e w(-3).
-7
Let b(x) = -2*x + x**2 - 5*x + x - 1. What is b(5)?
-6
Let c(i) = i**3 - i**2 - i + 3. Let r = -13 + 8. Let s be (-15)/6*2/1. Let p = s - r. Calculate c(p).
3
Suppose 2*o = 6*o. Let v(h) = -h - 3. Calculate v(o).
-3
Suppose 13*q + 5 = 18. Let z(d) = 3*d**2 + d. Determine z(q).
4
Suppose -14*u + 15 = -19*u. Let n(o) = -o. Calculate n(u).
3
Let w = 2 - 3. Let v(j) = -j + 1. Let m(d) = -7*d + 5. Let f(b) = m(b) - 4*v(b). What is f(w)?
4
Let o be 7*1 + (-5 - -8)*-1. Let j(d) be the third derivative of -1/60*d**5 + 3*d**2 + 1/2*d**3 - 1/12*d**o + 0*d + 0 + 1/120*d**6. Calculate j(2).
3
Let w(h) = h**3 - h**2 - h - 8. Let n be 7 + (1 + -5 - -2). Suppose 0 = n*p + 2*p. Calculate w(p).
-8
Let j(d) be the third derivative of 7*d**2 + 0*d + 0 + 1/24*d**4 + 2/3*d**3. What is j(-4)?
0
Let j(q) be the first derivative of q**3/3 + 3*q**2 + q - 4. Calculate j(-5).
-4
Let g(d) = 2*d + 8*d**2 + 0*d - 6 - 3*d**2 + 7. What is g(-1)?
4
Let k(b) be the second derivative of b**5/60 + 5*b**4/24 + b**3/6 + b**2/2 + 6*b. Let y(u) be the first derivative of k(u). Give y(-3).
-5
Let j(t) = -t**2 + 3*t + 2. Suppose 3*a = -2*a + 20. Let w be j(a). Let v(z) = -6*z + 16. Let q(b) = 2*b - 5. Let x(d) = 16*q(d) + 5*v(d). Calculate x(w).
-4
Let y(b) = 5*b + 87 - 44 - 48 - b**2. Suppose 0 = 2*i - 6*i. Suppose 7*o - 3*o - 20 = i. Determine y(o).
-5
Let a(d) = 2*d + 2. Suppose l = 2 - 4. Let j be (l + 48/15)*-5. Let t = 8 + j. Calculate a(t).
6
Let t(g) = g**2 - 5*g - 4. Let w be 2/12 - 145/(-30). Determine t(w).
-4
Let v(d) = -16 + 33 + 45 - 12 + 14*d. Let k(n) = -5*n - 17. Let w(u) = -17*k(u) - 6*v(u). What is w(5)?
-6
Let d(f) = 5*f**2 - 14. Let i(m) = m**2 + m - 1. Let j(t) = d(t) - 6*i(t). Suppose -43*u - 6 = -42*u. Give j(u).
-8
Let o be (-3*1)/(-3)*2. Suppose -i + 0 = -o. Let g(r) = -r - 1. Calculate g(i).
-3
Let u(i) = -3*i**2 - 2*i + 7. Let x(d) = d**2 - d. Let b(c) = u(c) + 4*x(c). Determine b(6).
7
Let u(w) = 2*w - 2. Let q(a) be the second derivative of -a**3/3 + 3*a**2/2 + 3*a. Let m(d) = 3*q(d) + 2*u(d). Give m(-4).
13
Let n(s) = 16*s + 1. Let p = -56 + 57. Determine n(p).
17
Let b(x) = x + 20*x**3 - 18*x**3 - 23*x**3. Give b(-1).
20
Let j(w) be the first derivative of -w**4/4 - 2*w**3 - 3*w**2/2 + w + 19. Calculate j(-5).
-9
Let b(h) = 3*h**3 - 7*h**2 - 3*h - 20. Let u(w) = 2*w**3 - 5*w**2 - 2*w - 13. Let i(r) = -5*b(r) + 7*u(r). What is i(0)?
9
Let q(z) = 2*z**2 + 4*z**2 - 5*z**2 - z - 1. Let o be (0 - -14)*(-6)/(-4). Let w = o - 23. Give q(w).
5
Let i(p) = 4*p. Let g(s) be the third derivative of -3*s**4/8 + 4*s**2. Let f(h) = 6*g(h) + 13*i(h). What is f(-5)?
10
Let b(x) be the second derivative of 0*x**3 - 2*x**2 + 1/3*x**4 + 0 - x + 1/20*x**5. Let w be b(-4). Let o(q) = -q**3 - 2*q**2 + 7*q + 6. Determine o(w).
10
Let d(k) = -k + 48 - 102 + 47. What is d(-5)?
-2
Let y(t) = -t**3 + 3*t**2 + t + 5. Let c be (9/(-12))/(2/8). Let a = -5 - c. Let r(k) = -2*k**3 - 3*k**2 - k - 2. Let n be r(a). Give y(n).
-7
Let h(w) = 4*w. Let s = -28 - -25. Give h(s).
-12
Let h(g) = -g**3 - g**2 - 2*g - 1. Let n = -6 + 11. Suppose -n*o + 11 + 14 = 0. Suppose -3*a - 5 + 17 = 0, -o*m - 14 = -a. Calculate h(m).
7
Let u(y) = -14*y**3 - 5*y - 5. Let c(g) = -g**3 - g - 1. Let f(w) = 10*c(w) - 2*u(w). Calculate f(1).
18
Let n = -7 - -9. Let d(w) = w - 2. Give d(n).
0
Let f be (0 - 0 - 7) + -4. Let u(t) = t + 1. Let y(w) be the first derivative of 11*w + 2. Let i(n) = f*u(n) + y(n). Give i(1).
-11
Suppose 0 = -4*t - 2 + 14. Let h(d) = 3*d. Let l(n) = 2*n. Let y(c) = t*h(c) - 5*l(c). What is y(1)?
-1
Let d(v) be the first derivative of -v**4/4 - v**3 - 2*v - 2. Let c(z) be the third derivative of z**4/6 + z**3/6 - 5*z**2. Let j be c(-1). Calculate d(j).
-2
Let m(i) be the first derivative of -i**4/4 - 5*i**3/3 + 3*i**2 - 23. Let y(f) = f**3 - 4*f**2 - f - 2. Let v be y(4). Give m(v).
0
Let v(q) be the second derivative of q**3/6 + 3*q**2/2 + 6*q. Suppose 3*i + 3*w - 6 = 0, -4*i - 5*w - 2 + 12 = 0. Determine v(i).
3
Let i(r) be the first derivative of 2/3*r**3 - 4*r - 8 + 3/2*r**2. Let f be 3/((-2)/(2*1)). What is i(f)?
5
Suppose -2*s = -q, -4*s = -0*q + 5*q + 14. Let b(t) = t**3 + 5*t**2 - 2*t - 6. Let h be b(-5). Let a(k) = 5*k + 0*k + h - 2. What is a(q)?
-8
Let f(i) = 2*i - 2*i - 2*i + 1. Suppose 5*a = 3*r + 130, -4*r + 3*r - 78 = -3*a. Suppose -5*o - a = -4*q, 0 - 4 = q + 4*o. Give f(q).
-7
Let r(z) = -z**3 - 8*z**2 + 8*z - 9. Let j be r(-9). Let c = j - 0. Let n(d) = -2*d - 7. Let t(w) = w + 3. Let y(b) = -2*n(b) - 5*t(b). What is y(c)?
-1
Let f(x) = x**3 + 8*x**2 + 5*x - 9. Let t = 41 - 48. Calculate f(t).
5
Let w(q) = -q**3 - 5. Let l(c) = c + 8. Let o be (12/10)/((-15)/(-50)). Suppose 36 = -5*y - o. Let s be l(y). Calculate w(s).
-5
Let i(h) = 4*h + 6. Let q(s) be the first derivative of -s**2 - 3*s - 1. Let y(g) = -3*i(g) - 5*q(g). What is y(-2)?
1
Suppose -40*u = -45*u - 15. Let l(j) = -j**2 - j. Let m(t) = t**3 + t**2 - 3*t - 4. Let k(i) = -i + 10. Let v be k(7). Let o(b) = v*l(b) - m(b). Give o(u).
-5
Let z(p) = -p**2 + 10*p - 7. Suppose -34 = -4*o + 2*l, -l = -5*o - 3*l + 47. Calculate z(o).
2
Let v(a) be the second derivative of a**4/6 + a**3/2 - 3*a**2/2 + a. Suppose -k - 4 = -2*c, -15 = -5*k - 3*c + 30. Suppose k = -2*z - 0. Calculate v(z).
6
Let o(d) be the first derivative of -3*d**2/2 - 6*d - 12. Calculate o(-6).
12
Let d(m) = -5*m + 3*m - 2 - 4. Let p be d(-5). Let c(q) = 1 + 2*q + q**2 - 3*q - p. Calculate c(3).
3
Let w(d) = -d**3 - 6. Let x = -7 + 6. Let m(c) = c + 1. Let v be m(x). Calculate w(v).
-6
Let t(h) be the third derivative of 1/24*h**4 - 1/3*h**3 + 0 + 0*h + 2*h**2. Suppose 5*v + 1 = 26. Determine t(v).
3
Let c = -4 - -7. Let f(a) = 1 + a**2 - a - 2*a**c - a - a + 5*a. Give f(-1).
2
Let n(l) be the first derivative of l**3/3 - 5*l**2/2 - 3*l - 1. Suppose -15*a + 13*a = -12. What is n(a)?
3
Let v(u) = -2 - u**2 - 6 + 3*u + 12. Calculate v(5).
-6
Let o(w) = -w + 2. Let d be ((-112)/70)/(2/(-5)). Determine o(d).
-2
Let l = -9 + 15. Let z(a) = a**2 - l + 1 - 2*a + 3*a + 4*a. Suppose -5*q + 5*k - 40 = 0, q + 11 = -3*q - 3*k. What is z(q)?
-5
Suppose 2*j + 0*t + 4 = 5*t, 0 = -5*j - 2*t + 19. Let m(u) be the first derivative of -1/3*u**j - 5*u - 1 - 1/2*u**2. What is m(0)?
-5
Let m(o) be the third derivative of o**4/24 - 7*o**3/6 + 3*o**2. Suppose -4*k + 2*x = 2, 0*k - 3*x = -2*k - 3. Determine m(k).
-7
Suppose -2*f = d + 4, -f + 6*f + 1 = 2*d. Let p(k) = k + 3. Calculate p(d).
1
Let i(y) = 0*y + 2*y - 5 + 1 + 0*y. Let h(a) = 3*a**3 - 2*a**2 + 2*a - 1. Let f be h(1). Suppose -6 = -f*n - 0*n. What is i(n)?
2
Let w(m) = 83*m - 167*m - 4 + 82*m. Determine w(-5).
6
Let s(o) = o**3 + 2*o**2 - 2*o - 4. Let n = -82 + 79. Give s(n).
-7
Let r(k) be the first derivative of -k**6/360 - 7*k**5/120 + 3*k**4/8 - 2*k**3 + 9. Let j(g) be the third derivative of r(g). Calculate j(-8).
1
Let a(q) = -q**2 + 10*q - 10. Let r be 249/27 - (-2)/(-9). What is a(r)?
-1
Let i be 4/10 - (-72)/45. Let m(z) = z - 7. Let s(l) = l - 13. Let r(p) = 5*m(p) - 3*s(p). Let o(v) = v + 3. Let h(t) = i*r(t) - 3*o(t). Determine h(3).
2
Let m(c) = -c + 1. Suppose -3*x + 4*t + 30 = 4, 0 = 2*x - 2*t - 18. Suppose q - 1 = -5*r + x, 4*q + 4 = 4*r. Let k = 2 + q. Determine m(k).
-2
Suppose 4*c + 2*k = 14, -5*k - 7 = -4*c - 0*c. Let y be (c - 1)/((-1)/(-2)). Let u(p) = -p**3 + 3*p**2 + p + 5. What is u(y)?
-7
Let v(k) = -4*k**3 + 5*k**3 + 4 - 7*k**2 + 3 + 5*k. What is v(6)?
1
Let b be (-1 - 1)*(-3 + 1). Let d(i) = i**2 - 5*i - 2. Calculate d(b).
-6
Let g(i) = -46 + 21 + 22 + i. What is g(3)?
0
Let h be 0/(-1 - 0 - 1). Suppose c = -h*c. Let l be c + 0/3 + 0. Let u(x) = -x - 9. Calculate u(l).
-9
Let g(r) be the third derivative of -r**6/720 + r**5/10 + r**4/6 - 4*r**2. Let d(p) be the second derivative of g(p). Determine d(5).
7
Let u(w) = -2*w + 10. Let n be u(7). Let v be 22/n - (-2)/(-4). Let f(k) = k**3 + 5*k**2 - 7*k - 7. Let l be f(v). Let t(s) = 4*s + 1. Determine t(l).
-3
Let x(j) = j**2 + 2*j + 1. Suppose 0 = 16*t - 15*t + 4. Determine x(t).
9
Suppose 0 = 5*t - 3*f + 10, -2*f + 4 + 2 = -3*t. Let u(g) = -5*g - 4 + 0*g + 1. Give u(t).
7
Suppose 3*m = -7 - 8. Let b be m/(-4) - (-2)/(-8). Let f(o) = 0 + 0 + 1 - 4*o + o. Give f(b).
-2
Let u(n) be the first derivative of 2*n**2 - n + 1. Suppo